ivisor of r and w?
4
Suppose 4 = -5*b - 4*i - 6, 4*b - 5*i = -8. Let v(m) = -69*m - 36. Let g be v(b). Calculate the highest common factor of 561 and g.
51
Suppose 15 = -5*d, -2*y + 2*d - 4 = -40. Suppose 0 = 35*p + 92*p - 236 - 145. Calculate the highest common factor of p and y.
3
Suppose 5*h - 5*a - 70 = 0, -24 = -2*h - 0*a + a. Let r be (75/h)/(2/(-16)). Let x = -57 - r. What is the highest common divisor of 9 and x?
3
Suppose -210 = -2*v + 24. Suppose 0 = 3*r - 9*i + 12*i + 15174, 2*r - 3*i + 10141 = 0. Let j be (-4)/(-5) - r/415. What is the highest common factor of j and v?
13
Let l = 29974 + -29767. Calculate the highest common divisor of l and 9.
9
Let h(f) be the first derivative of 2*f**3/3 + 21*f**2/2 + 44*f + 155. Let b be h(-12). Calculate the greatest common divisor of 5 and b.
5
Let w = 11365 + -707. What is the greatest common factor of w and 146?
146
Let a(x) = x**3 + 42*x**2 + 41*x + 98. Let i be a(-41). Calculate the highest common divisor of i and 3479.
49
Let s be 214 + 42/8*128/96. Calculate the highest common factor of s and 153.
17
Suppose 2*q - 3*o - 808 = 29, -1671 = -4*q + 5*o. What is the greatest common factor of 8 and q?
2
Suppose 112*w - 28005 + 16627 - 47870 = 0. Calculate the greatest common factor of 1 and w.
1
Let h(p) = 3698*p**3 + 6*p**2 + 16*p - 21. Let w be h(1). What is the greatest common factor of 137 and w?
137
Suppose 10 = -7*q + 45. Suppose -187 = -q*k - 97. What is the greatest common divisor of 288 and k?
18
Let v be (-2)/(((-24)/9)/4). Let q(h) = 2*h**2 - 4*h - 1. Let i be q(v). Suppose -3*n = -p, -i*n + 2 = -2*p + 6. What is the greatest common factor of p and 30?
6
Let n(o) = 2*o**2 + o - 4. Let f(b) = b + 2. Let a be f(-6). Let v be n(a). Let l = -76 - -136. What is the highest common factor of v and l?
12
Let g be -3 - (0 + 3*-2). Suppose a - g*a + 96 = 0. Let m be (-3 + -4)*-1*(-36)/(-21). Calculate the highest common divisor of m and a.
12
Let q(b) = 2*b**3 - 7*b**2 - 52*b - 7. Let u be q(9). Calculate the greatest common factor of 884 and u.
52
Suppose 2*b + 11 = 5. Let n(v) = -2*v**3 - 5*v**2 - 4*v - 3. Let d be n(b). Suppose 0*y + 72 = 6*y. Calculate the greatest common divisor of y and d.
6
Suppose 2*s = -5*p + 7487, 418*s = 421*s + p - 11250. Calculate the greatest common factor of 62 and s.
31
Let q be 1 + 40 + (-6)/(-18)*-3. Let s = q - 35. Suppose -2*r - g + 4 = -7, r + s*g - 28 = 0. Calculate the greatest common divisor of 15 and r.
3
Let g(t) be the first derivative of -7 - 11*t**2 - 20/3*t**3 - 40*t - 1/4*t**4. Let n be g(-19). What is the highest common factor of n and 187?
17
Let q be ((-3)/2)/((-255)/(-264) - 1). Let f(i) = i**3 + 8*i**2 - 11*i + 16. Let n be f(-9). Let h = n + -30. What is the greatest common factor of h and q?
4
Let f = -2527 + 2630. What is the greatest common divisor of 1 and f?
1
Let x = -788 - 188. Let z = x - -1446. What is the highest common divisor of 10 and z?
10
Let o be ((-58)/(-5))/(6/8460)*1/2. Calculate the greatest common factor of o and 116.
58
Suppose -5*y + 5*m = m - 655, 0 = -y + 4*m + 115. Suppose 28523 + 4819 = 273*x - 15798. What is the highest common divisor of x and y?
45
Suppose 3*s = -3*c + 120, -39*c + s + 125 = -35*c. Calculate the greatest common factor of c and 15.
3
Let t(w) = 4*w**2 + w. Let c be t(2). Suppose -19*z + 137 = -72. Let u be 2/(-3)*(-7 - z). What is the greatest common factor of c and u?
6
Let a(g) = 26*g**2 + 308*g - 38. Let f be a(-12). What is the greatest common divisor of f and 1430?
10
Let t(b) = -b**2 + 982*b + 28. Let s be t(0). Let h be -2*14*14/(-8). Calculate the greatest common factor of s and h.
7
Suppose 3*v - 6*v + 18 = 0, 5*s - 81 = -v. Let r be 3/(-3) + 9 + -2. What is the highest common divisor of s and r?
3
Let r(z) = z**3 + 44*z**2 + 246*z - 13. Let c be r(-7). What is the highest common divisor of 192 and c?
6
Let w(v) = 5*v + 50. Let b be w(-9). Suppose 278 = 5*z - 4*k, b*z - 240 = k + 32. Calculate the greatest common factor of z and 126.
18
Let u = 94 - 87. Let x be (-2)/u + (428/28 - -9). What is the highest common divisor of x and 36?
12
Let o be 7/(-7) - 1 - -66. Suppose 0 = 4*f - 3*r - 61, -5*f + 5*r + o = -11. What is the highest common divisor of 104 and f?
8
Suppose 5*w - 3454 = -4*l, w + l - 3466 = -4*w. Let s = 698 - w. What is the greatest common divisor of 332 and s?
4
Let l be (-7 + 21)*3*6/21. Suppose -2*g + 36 - l = 0. Suppose 2*u - 28 = 3*k - 8*k, 0 = -5*u + 2*k + g. Calculate the highest common factor of u and 12.
4
Let m be -2 - (-4 + -2387) - (-45)/9. Calculate the highest common divisor of 228 and m.
114
Let k = 287 - 284. Suppose -233 = -u - 2*u + i, -2*u + 159 = k*i. What is the greatest common factor of 104 and u?
26
Let z(o) = -1. Let s(p) = -69*p - 10. Let i(c) = s(c) - 5*z(c). Let j be 1/3 - (35/15 - -3). Let h be i(j). Calculate the greatest common divisor of h and 34.
34
Suppose -23 = -7*b + 5. Let a be 0 + (2 - b - 4). Let s be ((-8)/a)/((-2)/(-6)). What is the highest common factor of s and 32?
4
Let d(z) = -34*z + 5. Let k = -65 - -60. Let f be d(k). Let o = 32 - -3. What is the greatest common factor of o and f?
35
Let y be (-2*3461/2)/(-3 - -2). Suppose 4*r + 3481 = -9*p + 14*p, 5*p + r - y = 0. What is the highest common divisor of p and 198?
99
Let y be -3 - 12/(-1 - 0). Let l(t) = -t**2 + 235*t - 1371. Let o be l(6). Calculate the highest common factor of o and y.
3
Let k be -1 + ((-4)/(-2) - -3). Suppose 3*m = k*u + 43, -u - 30 - 7 = -2*m. Calculate the highest common factor of m and 3.
3
Let o be ((-3)/(-4))/(11/(-44)). Let y be (42 - 1) + o + -2. Calculate the greatest common divisor of y and 27.
9
Let v be (49/21)/(6/28026). Calculate the highest common divisor of 63 and v.
63
Suppose 0 = d + 4*u + 14, -u + 10 = -3*d - 5*u. Suppose -d*v + v = -8. Let y = 109 - 101. What is the greatest common divisor of y and v?
8
Let b be ((-46)/(-3))/(80/120). Suppose 308 = 34*w - b*w. What is the highest common divisor of 518 and w?
14
Suppose 80*l - 19995 = 11045. What is the highest common factor of 679 and l?
97
Suppose -144*y - 6107 = -20363. Calculate the greatest common factor of y and 319.
11
Let l be 2 + 117 - (-5 + 4). Let n(z) = 3*z**2 + 17*z - 30. Let g be n(-9). What is the highest common factor of g and l?
60
Suppose -25*b + 70*b + 51*b = 94848. What is the highest common divisor of 208 and b?
52
Let b = 8622 + -7351. Calculate the highest common divisor of 31 and b.
31
Suppose 12*s + 33*s - 51660 = -160*s. Calculate the greatest common factor of s and 2660.
28
Let b(t) = t**2 - 11*t + 20. Let l(j) = j**2 - 2*j - 9. Let m be l(-4). Let v be b(m). Suppose -11*r + 151 = -v. What is the highest common factor of 63 and r?
21
Let u = 382 - 184. Suppose 0 = 2*x, 0 = 4*t + 2*x - 12 - 4. Suppose c - 67 = -4*q, 0 = -4*q - c + t*c + 87. What is the greatest common factor of q and u?
18
Let h = -649 + 454. Let l = h + 345. Calculate the highest common divisor of l and 105.
15
Let u be ((-32)/72)/((-4)/4338). Let k = u + -302. What is the highest common factor of k and 5?
5
Let q be (1 - 19)/(-3)*42800/321. What is the highest common divisor of q and 15?
5
Suppose 465 + 133 = 13*f. What is the highest common factor of 7222 and f?
46
Suppose 8*r = 2*r - 18. Let j be -2*(129/(-2) + r). Let x = 121 - 67. What is the greatest common factor of j and x?
27
Let l be -3 + 28/((-12)/(-3)). Suppose 4*k - 18 - 17 = -5*x, -k + l*x + 35 = 0. Calculate the highest common divisor of 120 and k.
15
Let b be 1 - -1 - (-6 - -4). Suppose 4*k - h = -7 + 51, b*k - 36 = -h. Suppose -13*x + 364 + 26 = 0. What is the highest common divisor of k and x?
10
Let l = -28 - -33. Suppose -5*q - 2*u + 735 = 0, -5*q - l*u + 366 + 369 = 0. Calculate the highest common factor of 21 and q.
21
Let m(l) = l**2 - 41*l - 658. Let b be m(54). What is the highest common divisor of 9988 and b?
44
Let f(t) = 150*t - 1854. Let i be f(14). What is the highest common factor of 13858 and i?
82
Suppose 102 + 514 = 4*g. Let q be 20/2*-55*8/(-200). Calculate the greatest common factor of g and q.
22
Suppose 70 = 5*x - 0*x. Let g(c) = -2*c**2 + 39*c - 3. Let b be g(19). Suppose b*d = -20 + 132. Calculate the highest common factor of d and x.
7
Suppose 70 = 5*n - 25. Suppose 0 = -6*r - 3*f + 330, -5*r - 2*f - 149